s the highest common divisor of 110025013 and 407?
37
What is the highest common factor of 596375 and 30875?
1625
What is the greatest common factor of 698809 and 113606?
1321
What is the highest common divisor of 74178603 and 26604?
6651
Calculate the highest common divisor of 3589 and 853109.
37
Calculate the highest common divisor of 31924949 and 14.
7
Calculate the highest common factor of 362 and 6254455.
181
Calculate the greatest common factor of 8322 and 49578.
6
Calculate the highest common factor of 67220 and 150520.
20
What is the highest common factor of 459871 and 51775?
109
Calculate the highest common divisor of 27770 and 163640.
10
What is the greatest common divisor of 21523401 and 4551?
123
Calculate the highest common divisor of 390026 and 21.
7
Calculate the greatest common factor of 11361 and 27906403.
3787
What is the highest common divisor of 26035 and 666115?
635
Calculate the highest common divisor of 35 and 417185.
5
What is the greatest common divisor of 101239 and 233897?
3491
What is the highest common factor of 2728063 and 676?
13
What is the highest common factor of 4794 and 559582?
94
Calculate the greatest common factor of 30536 and 55775392.
2776
What is the greatest common factor of 1 and 18846932?
1
Calculate the highest common divisor of 110134 and 1426547.
1039
What is the highest common divisor of 37 and 16078646?
37
What is the greatest common divisor of 22979109 and 14603?
859
What is the highest common divisor of 1064 and 666106?
14
Calculate the greatest common divisor of 136982 and 5778.
2
Calculate the greatest common divisor of 23814 and 190071.
441
Calculate the greatest common divisor of 350705267 and 33.
11
Calculate the greatest common divisor of 1628 and 938024.
148
What is the greatest common factor of 68 and 216268764?
68
Calculate the highest common divisor of 1105 and 98855.
85
What is the highest common factor of 432 and 988644?
12
What is the highest common divisor of 688113384 and 84?
84
Calculate the greatest common divisor of 46706155 and 4445.
635
Calculate the greatest common factor of 2090 and 37148320.
110
What is the highest common factor of 195 and 11012880?
15
Calculate the highest common factor of 366 and 416586.
6
What is the highest common divisor of 2717 and 178335729?
2717
Calculate the highest common factor of 12994935 and 135.
15
What is the highest common factor of 1028639882 and 706?
706
Calculate the highest common divisor of 80836 and 1253504.
28
What is the highest common factor of 121828214 and 2396?
1198
What is the greatest common divisor of 14810959 and 5493?
1831
What is the highest common factor of 965 and 1382745605?
965
Calculate the highest common divisor of 411489056 and 121.
121
Calculate the greatest common factor of 5033505 and 549.
3
Calculate the greatest common factor of 127274336 and 448.
224
Calculate the greatest common factor of 28 and 162912694.
14
What is the highest common divisor of 22495 and 12053230?
2045
Calculate the highest common factor of 2138037 and 2519.
11
Calculate the highest common divisor of 1800 and 305832600.
1800
What is the greatest common factor of 1003535 and 2665?
65
What is the highest common factor of 1624 and 806548?
116
What is the highest common divisor of 114179 and 2869?
1
What is the greatest common factor of 20042 and 3188500?
1822
Calculate the highest common factor of 138 and 41343581.
23
What is the highest common factor of 12 and 26513574?
6
Calculate the highest common factor of 4038078 and 2891.
59
Calculate the greatest common factor of 275443 and 970368.
2527
Calculate the greatest common factor of 5767255 and 1111370.
5395
Calculate the greatest common divisor of 463012 and 20196.
748
What is the highest common divisor of 2774701 and 1268?
317
Calculate the greatest common divisor of 6216 and 61530.
42
Calculate the greatest common factor of 39983760 and 28080.
2160
What is the highest common divisor of 13081 and 36576?
127
Calculate the greatest common factor of 62958 and 925512.
42
Calculate the highest common divisor of 7405830 and 117744.
1338
What is the greatest common factor of 244528 and 125428480?
14384
What is the highest common divisor of 378 and 290253726?
378
Calculate the greatest common divisor of 54848 and 11040.
32
What is the greatest common factor of 148328847 and 18?
9
What is the highest common factor of 23814 and 15260?
14
Calculate the highest common factor of 62846 and 1137928.
134
What is the highest common divisor of 3255 and 21929670?
105
Calculate the greatest common factor of 8645 and 1746955.
665
Calculate the highest common factor of 177759815 and 10.
5
What is the highest common factor of 797121 and 182088?
81
What is the greatest common divisor of 576 and 1410924?
12
What is the highest common divisor of 624305 and 4785?
55
What is the highest common factor of 151771340 and 196?
28
What is the greatest common factor of 379708 and 116060?
28
Calculate the greatest common factor of 104354092 and 478.
478
What is the greatest common divisor of 3705576 and 472?
8
Calculate the highest common divisor of 3106 and 669942458.
3106
What is the greatest common factor of 646 and 8126578?
34
What is the greatest common divisor of 15250 and 22779840?
610
Calculate the greatest common factor of 14600499 and 91419.
2949
Calculate the greatest common factor of 80445 and 865000.
865
What is the greatest common factor of 10455 and 2541795?
615
What is the highest common divisor of 64632 and 66113150?
5386
Calculate the highest common divisor of 81046770 and 2338.
2338
What is the highest common divisor of 87534024 and 5856?
1464
What is the highest common divisor of 86377 and 189023?
17
Calculate the greatest common divisor of 5637511 and 1694.
121
Calculate the greatest common factor of 3 and 9031339.
1
What is the highest common divisor of 104 and 104778791?
13
Calculate the greatest common factor of 2327 and 175630.
13
Calculate the greatest common divisor of 4898 and 17056258.
158
Calculate the greatest common factor of 3023362 and 1016.
254
What is the greatest common divisor of 352825 and 4975?
25
What is the greatest common divisor of 26093664 and 1782?
162
What is the greatest common divisor of 554 and 17113337?
277
What is the greatest common divisor of 448826 and 1862?
14
Calculate the greatest common factor of 5423 and 20475191.
187
What is the greatest common divisor of 93168 and 13707?
9
What is the greatest common divisor of 2529 and 328593813?
843
What is the highest common factor of 1427533 and 9637?
419
What is the greatest common factor of 1958935 and 1595?
55
What is the greatest common factor of 4073706 and 602?
14
Calculate the greatest common factor of 18648560 and 560.
560
Calculate the highest common factor of 917666 and 271318.
926
Calculate the highest common divisor of 82510 and 514.
2
What is the highest common divisor of 508000 and 1625?
125
What is the highest common factor of 11244010 and 920?
230
Calculate the greatest common divisor of 990720 and 5454720.
5760
What is the greatest common factor of 39610849 and 5804?
1451
What is the greatest common factor of 433276116 and 546?
546
Calculate the greatest common divisor of 2932 and 419761246.
1466
Calculate the highest common divisor of 8626 and 143564.
38
Calculate the highest common divisor of 109239 and 16341.
39
Calculate the greatest common factor of 17093140 and 2484.
92
What is the highest common divisor of 12 and 30661692?
12
Calculate the greatest common divisor of 18323063 and 8701.
1243
Calculate the highest common factor of 11 and 3940937.
11
What is the highest common divisor of 170735 and 145?
5
Calculate the highest common divisor of 180 and 4146588.
36
What is the highest common divisor of 8094 and 86052?
426
What is the greatest common divisor of 59989548 and 12?
12
Calculate the greatest common factor of 87808 and 536.
8
What is the highest common divisor of 14 and 80729054?
14
What is the highest common divisor of 1697 and 248764927?
1697
What is the greatest common divisor of 3726 and 1553094?
162
Calculate the highest common factor of 945 and 199910025.
945
What is the highest common factor of 866061 and 1008?
63
Calculate the greatest common factor of 25248 and 34862491.
263
What is